e
Is 4750651 composite?
False
Is 2280853 prime?
False
Is 79552547 composite?
True
Is 56386877 a prime number?
True
Is 4683741 a composite number?
True
Is 312934 a prime number?
False
Is 116407001 a composite number?
False
Is 177148397 prime?
True
Is 4969493 composite?
True
Is 198461047 composite?
False
Is 62995161 prime?
False
Is 2359221 composite?
True
Is 2650421 a composite number?
True
Is 17118649 prime?
True
Is 13535867 composite?
True
Is 23283887 a prime number?
False
Is 14880011 composite?
True
Is 96627647 prime?
True
Is 199078427 composite?
False
Is 26840599 prime?
True
Is 128527699 a composite number?
True
Is 18236077 a prime number?
True
Is 1315441 prime?
True
Is 144031387 a composite number?
False
Is 82763537 a prime number?
False
Is 676439 prime?
False
Is 75546143 prime?
True
Is 6973367 a prime number?
False
Is 1308647 a prime number?
True
Is 40205621 a composite number?
False
Is 18520435 a composite number?
True
Is 85200377 prime?
False
Is 43566599 a prime number?
True
Is 7396691 composite?
True
Is 30701101 a prime number?
True
Is 350019107 prime?
True
Is 43679843 a composite number?
True
Is 3886601 a prime number?
True
Is 30031201 composite?
False
Is 24459887 a composite number?
False
Is 52919277 a composite number?
True
Is 58972237 composite?
False
Is 20272669 a composite number?
True
Is 7488995 a prime number?
False
Is 4482001 a prime number?
True
Is 11367901 a prime number?
False
Is 4062659 prime?
True
Is 128021 a prime number?
True
Is 168464231 prime?
False
Is 3305891 a composite number?
False
Is 3714749 a prime number?
False
Is 380293817 composite?
False
Is 203648813 composite?
False
Is 18043163 a prime number?
True
Is 11567779 composite?
True
Is 10470011 a prime number?
False
Is 633209 a composite number?
False
Is 50679913 prime?
False
Is 11526497 composite?
False
Is 111103033 a prime number?
True
Is 43430857 prime?
False
Is 118086863 a composite number?
False
Is 12360379 composite?
True
Is 17783173 prime?
False
Is 4310521 a composite number?
True
Is 188976149 prime?
False
Is 105258467 prime?
True
Is 4880387 a prime number?
True
Is 853999 prime?
True
Is 6954667 a composite number?
True
Is 13796957 a prime number?
True
Is 83307359 prime?
False
Is 145403209 prime?
False
Is 2358661 prime?
True
Is 479951 a composite number?
False
Is 2841407 a composite number?
False
Is 1067839 a prime number?
False
Is 79135763 composite?
True
Is 859501 composite?
True
Is 5441507 a prime number?
True
Is 2772529 composite?
False
Is 3644057 composite?
False
Is 1588585 prime?
False
Is 41610574 composite?
True
Is 5703851 composite?
False
Is 43350787 composite?
False
Is 19621361 prime?
False
Is 24120743 composite?
False
Is 6058763 a prime number?
True
Is 864829 composite?
True
Is 50221055 composite?
True
Is 1028411 a prime number?
True
Is 4502941 a composite number?
False
Is 2455321 prime?
False
Is 18298937 composite?
False
Is 90868957 a composite number?
False
Is 180146719 a prime number?
False
Is 1128691 prime?
True
Is 5217253 a prime number?
True
Is 3714857 prime?
False
Is 214017929 composite?
False
Is 15294523 prime?
True
Is 13188709 prime?
True
Is 2172347 composite?
False
Is 1526807 a prime number?
True
Is 112913201 prime?
False
Is 3936901 a prime number?
False
Is 2297387 prime?
True
Is 191651 composite?
True
Is 23521993 prime?
False
Is 6121643 a composite number?
True
Is 2707553 prime?
False
Is 1681937 a prime number?
False
Is 851183 composite?
True
Is 3194879 a prime number?
True
Is 52210183 a prime number?
False
Is 83013343 composite?
True
Is 62232047 a composite number?
False
Is 85252841 prime?
False
Is 42802981 a composite number?
True
Is 1239223 prime?
True
Is 688359097 prime?
False
Is 2356961 composite?
True
Is 203524651 a prime number?
False
Is 64383413 a prime number?
True
Is 66331511 prime?
True
Is 1659097322 a prime number?
False
Is 1403239 prime?
True
Is 31781315 composite?
True
Is 290753753 composite?
False
Is 512797 a composite number?
False
Is 31788499 a composite number?
True
Is 98390351 a composite number?
False
Is 15522749 prime?
False
Is 876991 a prime number?
False
Is 730997 composite?
True
Is 267361879 composite?
False
Is 436379 a composite number?
True
Is 2677681 prime?
True
Is 193617217 prime?
True
Is 216793901 composite?
False
Is 50882827 a composite number?
False
Is 886771 a prime number?
False
Is 3647071 composite?
False
Is 13721419 composite?
False
Is 144264689 prime?
True
Is 260933 a prime number?
False
Is 9689629 a prime number?
False
Is 5855519 composite?
True
Is 2109883 a composite number?
True
Is 1395724423 a composite number?
False
Is 9090439 a composite number?
True
Is 4994203 a prime number?
True
Is 10261211 a prime number?
True
Is 2871191 prime?
True
Is 20706971 a prime number?
True
Is 41396423 composite?
False
Is 50977279 composite?
True
Is 204499 prime?
False
Is 12370949 prime?
True
Is 113865709 composite?
True
Is 46722355 composite?
True
Is 309195443 a prime number?
True
Is 2023459 a prime number?
False
Is 43385 prime?
False
Is 18379487 a composite number?
True
Is 6388933 composite?
True
Is 32482847 a prime number?
True
Is 191949059 prime?
False
Is 155443129 composite?
False
Is 27114959 composite?
True
Is 302165999 a composite number?
True
Is 779783 prime?
False
Is 2317907 a composite number?
False
Is 311317651 a prime number?
False
Is 147092917 prime?
False
Is 294389 composite?
True
Is 2525311 a composite number?
True
Is 33448553 composite?
False
Is 18766001 prime?
True
Is 3502789 composite?
False
Is 343794515 prime?
False
Is 13904101 prime?
True
Is 24443803 composite?
False
Is 112237 a composite number?
False
Is 56647447 prime?
False
Is 20106893 composite?
False
Is 1501699 a composite number?
False
Is 39388309 prime?
True
Is 2252017 a prime number?
True
Is 66113669 composite?
True
Is 32385263 prime?
False
Is 183369821 composite?
True
Is 1765781 composite?
True
Is 154726279 prime?
True
Is 29197439 a composite number?
False
Is 28048399 a prime number?
True
Is 253515667 a composite number?
True
Is 23143 a prime number?
True
Is 26451631 a composite number?
True
Is 307746323 prime?
False
Is 4011781 prime?
True
Is 84809161 prime?
False
Is 36214909 a prime number?
True
Is 264576913 a prime number?
True
Is 2464049 prime?
False
Is 1468094 a composite number?
True
Is 430030607 composite?
False
Is 64405021 a prime number?
True
Is 464755 a prime number?
False
Is 120784769 composite?
True
Is 4447133 composite?
True
Is 805736149 composite?
False
Is 9535553 a composite number?
True
Is 8861917 a prime number?
False
Is 1764541 a prime number?
True
Is 1658561 prime?
True
Is 3601205 a prime number?
False
Is 213553 composite?
False
Is 3337183 composite?
True
Is 152491331 a prime number?
True
Is 4588879 a composite number?
False
Is 27267901 composite?
True
Is 23651141 composite?
False
Is 31455779 prime?
False
Is 3469787 a prime number?
False
Is 2222013 composite?
True
Is 57813971 prime?
True
Is 3536789 prime?
True
Is 10575601 prime?
True
Is 1283287 prime?
False
Is 1285099 a composite number?
False
Is 451859 a prime number?
True
Is 247641161 a composite number?
True
Is 117722887 composite?
False
Is 557288503 a composite number?
False
Is 36312497 a composite number?
True
Is 5119091 prime?
False
Is 189724387 prime?
True
Is 7797059 a prime number?
False
Is 881057 composite?
False
Is 10134757 prime?
True
Is 67003779 prime?
False
Is 130994639 a composite number?
True
Is 90484547 a prime number?
True
Is 45304871 a composite number?
True
Is 148552537 prime?
False
Is 30506777 a composite number?
True
Is 2293933 a composite number?
True
Is 31788157 composite?
False
Is 11186843 prime?
False
Is 66253303 a prime number?
True
Is 102468647 a prime number?
True
Is 8862221 prime?
True
Is 305853689 a composite number?
True
Is 7444393 prime?
False
Is 143175869 a prime number?
True
Is 1300021 composite?
False
Is 4150437 a prime number?
False
Is 34084187 composite?
False
Is 8331047 prime?
True
Is 5980201 a composite number?
False
Is 56193541 prime?
True
Is 8966357 composite?
False
Is 2085541 composite?
True
Is 35498443 a prime number?
True
Is 120120797 composite?
False
Is 45600049 composite?
True
Is 18145759 a prime number?
True
Is 2285435 a prime number?
False
Is 114951701 prime?
True
Is 140943163 prime?
True
Is 8199889 a prime number?
False